{"id":98,"date":"2024-10-15T15:03:04","date_gmt":"2024-10-15T13:03:04","guid":{"rendered":"https:\/\/www.latelier-rlc.fr\/?page_id=98"},"modified":"2024-10-15T15:03:04","modified_gmt":"2024-10-15T13:03:04","slug":"renovation-combrit","status":"publish","type":"page","link":"https:\/\/www.latelier-rlc.fr\/index.php\/renovation-combrit\/","title":{"rendered":"R\u00e9novation Combrit"},"content":{"rendered":"\n<div class=\"wp-block-group alignfull is-layout-constrained wp-container-core-group-is-layout-56c63f98 wp-block-group-is-layout-constrained\" style=\"padding-top:4rem;padding-right:65px;padding-bottom:80px;padding-left:65px\">\n<div class=\"wp-block-columns alignfull is-layout-flex wp-container-core-columns-is-layout-430f08e6 wp-block-columns-is-layout-flex\">\n<div class=\"wp-block-column is-layout-flow wp-block-column-is-layout-flow\">\n<h3 class=\"wp-block-heading has-text-color\" style=\"color:#010101\">R\u00e9novation d&rsquo;une ancienne grange<\/h3>\n<\/div>\n\n\n\n<div class=\"wp-block-column is-layout-flow wp-container-core-column-is-layout-343acf9e wp-block-column-is-layout-flow\">\n<p style=\"font-size:16px;font-style:normal;font-weight:300;line-height:1.8\"><br>Notre client voulait transformer cette ancienne grange d\u00e9saffect\u00e9e en habitation. Nous avons conserv\u00e9s les murs en pierre existant et refait la toiture qui s\u2019\u00e9tait effondr\u00e9e. De nouvelles ouvertures \u00e0 l\u2019est et au sud permettent d\u2019\u00e9clairer le rez de chauss\u00e9e. Deux lucarnes campagnardes en fa\u00e7ade est accentuent l\u2019esprit rural de la maison et rappelle son histoire pass\u00e9.<\/p>\n<\/div>\n<\/div>\n<\/div>\n\n\n\n<figure class=\"wp-block-image alignfull size-full\"><img loading=\"lazy\" decoding=\"async\" width=\"2560\" height=\"1922\" src=\"https:\/\/www.latelier-rlc.fr\/wp-content\/uploads\/2024\/07\/P1020318-1-scaled.jpg\" alt=\"\" class=\"wp-image-100\" srcset=\"https:\/\/www.latelier-rlc.fr\/wp-content\/uploads\/2024\/07\/P1020318-1-scaled.jpg 2560w, https:\/\/www.latelier-rlc.fr\/wp-content\/uploads\/2024\/07\/P1020318-1-300x225.jpg 300w, https:\/\/www.latelier-rlc.fr\/wp-content\/uploads\/2024\/07\/P1020318-1-1024x769.jpg 1024w, https:\/\/www.latelier-rlc.fr\/wp-content\/uploads\/2024\/07\/P1020318-1-768x577.jpg 768w, https:\/\/www.latelier-rlc.fr\/wp-content\/uploads\/2024\/07\/P1020318-1-1536x1153.jpg 1536w, https:\/\/www.latelier-rlc.fr\/wp-content\/uploads\/2024\/07\/P1020318-1-2048x1538.jpg 2048w\" sizes=\"auto, (max-width: 2560px) 100vw, 2560px\" \/><\/figure>\n\n\n\n<div class=\"wp-block-group alignfull is-layout-constrained wp-block-group-is-layout-constrained\">\n<figure class=\"wp-block-image alignfull size-full\"><img loading=\"lazy\" decoding=\"async\" width=\"2560\" height=\"1922\" src=\"https:\/\/www.latelier-rlc.fr\/wp-content\/uploads\/2024\/07\/P1020320-scaled.jpg\" alt=\"\" class=\"wp-image-101\" srcset=\"https:\/\/www.latelier-rlc.fr\/wp-content\/uploads\/2024\/07\/P1020320-scaled.jpg 2560w, https:\/\/www.latelier-rlc.fr\/wp-content\/uploads\/2024\/07\/P1020320-300x225.jpg 300w, https:\/\/www.latelier-rlc.fr\/wp-content\/uploads\/2024\/07\/P1020320-1024x769.jpg 1024w, https:\/\/www.latelier-rlc.fr\/wp-content\/uploads\/2024\/07\/P1020320-768x577.jpg 768w, https:\/\/www.latelier-rlc.fr\/wp-content\/uploads\/2024\/07\/P1020320-1536x1153.jpg 1536w, https:\/\/www.latelier-rlc.fr\/wp-content\/uploads\/2024\/07\/P1020320-2048x1538.jpg 2048w\" sizes=\"auto, (max-width: 2560px) 100vw, 2560px\" \/><\/figure>\n<\/div>\n\n\n\n<div class=\"wp-block-group alignfull is-layout-constrained wp-container-core-group-is-layout-96e30fd9 wp-block-group-is-layout-constrained\" style=\"margin-top:10px;margin-bottom:10px;padding-right:50px;padding-left:50px\">\n<div class=\"wp-block-columns alignfull is-layout-flex wp-container-core-columns-is-layout-5327a6c6 wp-block-columns-is-layout-flex\" style=\"margin-top:0px;margin-bottom:0px;padding-right:60px;padding-left:60px\">\n<div class=\"wp-block-column is-layout-flow wp-container-core-column-is-layout-343acf9e wp-block-column-is-layout-flow\" style=\"flex-basis:50%\">\n<figure class=\"wp-block-image size-full\"><img loading=\"lazy\" decoding=\"async\" width=\"931\" height=\"471\" src=\"https:\/\/www.latelier-rlc.fr\/wp-content\/uploads\/2024\/07\/CB-coupe.jpg\" alt=\"\" class=\"wp-image-102\" style=\"aspect-ratio:4\/3;object-fit:cover\" srcset=\"https:\/\/www.latelier-rlc.fr\/wp-content\/uploads\/2024\/07\/CB-coupe.jpg 931w, https:\/\/www.latelier-rlc.fr\/wp-content\/uploads\/2024\/07\/CB-coupe-300x152.jpg 300w, https:\/\/www.latelier-rlc.fr\/wp-content\/uploads\/2024\/07\/CB-coupe-768x389.jpg 768w\" sizes=\"auto, (max-width: 931px) 100vw, 931px\" \/><\/figure>\n<\/div>\n\n\n\n<div class=\"wp-block-column is-layout-flow wp-container-core-column-is-layout-343acf9e wp-block-column-is-layout-flow\" style=\"flex-basis:50%\">\n<figure class=\"wp-block-image size-full\"><img loading=\"lazy\" decoding=\"async\" width=\"1922\" height=\"2560\" src=\"https:\/\/www.latelier-rlc.fr\/wp-content\/uploads\/2024\/07\/P1020319-scaled.jpg\" alt=\"\" class=\"wp-image-103\" style=\"aspect-ratio:4\/3;object-fit:cover\" srcset=\"https:\/\/www.latelier-rlc.fr\/wp-content\/uploads\/2024\/07\/P1020319-scaled.jpg 1922w, https:\/\/www.latelier-rlc.fr\/wp-content\/uploads\/2024\/07\/P1020319-225x300.jpg 225w, https:\/\/www.latelier-rlc.fr\/wp-content\/uploads\/2024\/07\/P1020319-769x1024.jpg 769w, https:\/\/www.latelier-rlc.fr\/wp-content\/uploads\/2024\/07\/P1020319-768x1023.jpg 768w, https:\/\/www.latelier-rlc.fr\/wp-content\/uploads\/2024\/07\/P1020319-1153x1536.jpg 1153w, https:\/\/www.latelier-rlc.fr\/wp-content\/uploads\/2024\/07\/P1020319-1538x2048.jpg 1538w\" sizes=\"auto, (max-width: 1922px) 100vw, 1922px\" \/><\/figure>\n<\/div>\n<\/div>\n<\/div>\n\n\n\n<figure class=\"wp-block-image alignfull size-full\"><img loading=\"lazy\" decoding=\"async\" width=\"1679\" height=\"849\" src=\"https:\/\/www.latelier-rlc.fr\/wp-content\/uploads\/2024\/07\/CB-plan.jpg\" alt=\"\" class=\"wp-image-104\" srcset=\"https:\/\/www.latelier-rlc.fr\/wp-content\/uploads\/2024\/07\/CB-plan.jpg 1679w, https:\/\/www.latelier-rlc.fr\/wp-content\/uploads\/2024\/07\/CB-plan-300x152.jpg 300w, https:\/\/www.latelier-rlc.fr\/wp-content\/uploads\/2024\/07\/CB-plan-1024x518.jpg 1024w, https:\/\/www.latelier-rlc.fr\/wp-content\/uploads\/2024\/07\/CB-plan-768x388.jpg 768w, https:\/\/www.latelier-rlc.fr\/wp-content\/uploads\/2024\/07\/CB-plan-1536x777.jpg 1536w\" sizes=\"auto, (max-width: 1679px) 100vw, 1679px\" \/><\/figure>\n","protected":false},"excerpt":{"rendered":"<p>R\u00e9novation d&rsquo;une ancienne grange Notre client voulait transformer cette ancienne grange d\u00e9saffect\u00e9e en habitation. Nous avons conserv\u00e9s les murs en pierre existant et refait la toiture qui s\u2019\u00e9tait effondr\u00e9e. De nouvelles ouvertures \u00e0 l\u2019est et au sud permettent d\u2019\u00e9clairer le rez de chauss\u00e9e. Deux lucarnes campagnardes en fa\u00e7ade est accentuent l\u2019esprit rural de la maison [&hellip;]<\/p>\n","protected":false},"author":1,"featured_media":0,"parent":0,"menu_order":0,"comment_status":"closed","ping_status":"closed","template":"","meta":{"footnotes":""},"class_list":["post-98","page","type-page","status-publish","hentry"],"_links":{"self":[{"href":"https:\/\/www.latelier-rlc.fr\/index.php\/wp-json\/wp\/v2\/pages\/98","targetHints":{"allow":["GET"]}}],"collection":[{"href":"https:\/\/www.latelier-rlc.fr\/index.php\/wp-json\/wp\/v2\/pages"}],"about":[{"href":"https:\/\/www.latelier-rlc.fr\/index.php\/wp-json\/wp\/v2\/types\/page"}],"author":[{"embeddable":true,"href":"https:\/\/www.latelier-rlc.fr\/index.php\/wp-json\/wp\/v2\/users\/1"}],"replies":[{"embeddable":true,"href":"https:\/\/www.latelier-rlc.fr\/index.php\/wp-json\/wp\/v2\/comments?post=98"}],"version-history":[{"count":4,"href":"https:\/\/www.latelier-rlc.fr\/index.php\/wp-json\/wp\/v2\/pages\/98\/revisions"}],"predecessor-version":[{"id":206,"href":"https:\/\/www.latelier-rlc.fr\/index.php\/wp-json\/wp\/v2\/pages\/98\/revisions\/206"}],"wp:attachment":[{"href":"https:\/\/www.latelier-rlc.fr\/index.php\/wp-json\/wp\/v2\/media?parent=98"}],"curies":[{"name":"wp","href":"https:\/\/api.w.org\/{rel}","templated":true}]}}